vided by 21.
20
Calculate the remainder when 67 is divided by 7.
4
What is the remainder when 2148 is divided by 45?
33
What is the remainder when 594 is divided by 44?
22
What is the remainder when 21 is divided by 18?
3
What is the remainder when 505 is divided by 177?
151
What is the remainder when 13504 is divided by 79?
74
Calculate the remainder when 465 is divided by 52.
49
What is the remainder when 149 is divided by 8?
5
Calculate the remainder when 623 is divided by 189.
56
Calculate the remainder when 177 is divided by 152.
25
Calculate the remainder when 2755 is divided by 75.
55
What is the remainder when 2696 is divided by 25?
21
Calculate the remainder when 88 is divided by 44.
0
Calculate the remainder when 573 is divided by 17.
12
What is the remainder when 337 is divided by 31?
27
Calculate the remainder when 315 is divided by 79.
78
What is the remainder when 526 is divided by 6?
4
Calculate the remainder when 110 is divided by 64.
46
What is the remainder when 128 is divided by 82?
46
Calculate the remainder when 311 is divided by 104.
103
What is the remainder when 833 is divided by 304?
225
Calculate the remainder when 278 is divided by 20.
18
Calculate the remainder when 124 is divided by 22.
14
Calculate the remainder when 550 is divided by 79.
76
What is the remainder when 133 is divided by 71?
62
What is the remainder when 860 is divided by 171?
5
What is the remainder when 35 is divided by 16?
3
What is the remainder when 104 is divided by 7?
6
Calculate the remainder when 208 is divided by 42.
40
What is the remainder when 607 is divided by 226?
155
What is the remainder when 793 is divided by 157?
8
What is the remainder when 163 is divided by 33?
31
What is the remainder when 1322 is divided by 27?
26
What is the remainder when 654 is divided by 140?
94
What is the remainder when 197 is divided by 51?
44
Calculate the remainder when 770 is divided by 199.
173
Calculate the remainder when 154 is divided by 12.
10
Calculate the remainder when 40 is divided by 17.
6
Calculate the remainder when 1586 is divided by 423.
317
What is the remainder when 16359 is divided by 18?
15
Calculate the remainder when 430 is divided by 27.
25
What is the remainder when 205 is divided by 26?
23
What is the remainder when 292 is divided by 144?
4
Calculate the remainder when 640 is divided by 107.
105
Calculate the remainder when 964 is divided by 22.
18
Calculate the remainder when 11 is divided by 7.
4
What is the remainder when 978 is divided by 141?
132
What is the remainder when 434 is divided by 110?
104
Calculate the remainder when 186 is divided by 48.
42
Calculate the remainder when 1625 is divided by 1623.
2
Calculate the remainder when 288 is divided by 69.
12
What is the remainder when 1223 is divided by 39?
14
Calculate the remainder when 669 is divided by 61.
59
What is the remainder when 1404 is divided by 140?
4
What is the remainder when 1070 is divided by 49?
41
What is the remainder when 44 is divided by 6?
2
Calculate the remainder when 116 is divided by 23.
1
Calculate the remainder when 28823 is divided by 203.
200
Calculate the remainder when 899 is divided by 5.
4
What is the remainder when 1231 is divided by 56?
55
Calculate the remainder when 392 is divided by 378.
14
Calculate the remainder when 38 is divided by 3.
2
Calculate the remainder when 246 is divided by 29.
14
Calculate the remainder when 171 is divided by 34.
1
Calculate the remainder when 847 is divided by 393.
61
Calculate the remainder when 89 is divided by 54.
35
What is the remainder when 91 is divided by 78?
13
Calculate the remainder when 46 is divided by 9.
1
What is the remainder when 548 is divided by 22?
20
Calculate the remainder when 2769 is divided by 909.
42
What is the remainder when 940 is divided by 40?
20
Calculate the remainder when 38 is divided by 20.
18
Calculate the remainder when 126 is divided by 11.
5
Calculate the remainder when 164 is divided by 15.
14
Calculate the remainder when 13 is divided by 1.
0
Calculate the remainder when 330 is divided by 109.
3
Calculate the remainder when 31 is divided by 14.
3
What is the remainder when 871 is divided by 427?
17
What is the remainder when 571 is divided by 102?
61
Calculate the remainder when 748 is divided by 432.
316
Calculate the remainder when 5295 is divided by 31.
25
What is the remainder when 922 is divided by 158?
132
What is the remainder when 80 is divided by 21?
17
Calculate the remainder when 208 is divided by 63.
19
Calculate the remainder when 1117 is divided by 10.
7
Calculate the remainder when 852 is divided by 19.
16
Calculate the remainder when 161 is divided by 24.
17
What is the remainder when 23 is divided by 13?
10
Calculate the remainder when 96 is divided by 21.
12
Calculate the remainder when 80 is divided by 20.
0
Calculate the remainder when 89 is divided by 10.
9
What is the remainder when 31 is divided by 8?
7
What is the remainder when 30725 is divided by 92?
89
Calculate the remainder when 136 is divided by 54.
28
What is the remainder when 243 is divided by 122?
121
What is the remainder when 4445 is divided by 1478?
11
Calculate the remainder when 40772 is divided by 25.
22
Calculate the remainder when 3560 is divided by 3545.
15
Calculate the remainder when 347 is divided by 129.
89
What is the remainder when 43 is divided by 7?
1
Calculate the remainder when 2522 is divided by 87.
86
Calculate the remainder when 246 is divided by 42.
36
What is the remainder when 734 is divided by 93?
83
Calculate the remainder when 301 is divided by 16.
13
What is the remainder when 114 is divided by 100?
14
What is the remainder when 304 is divided by 169?
135
Calculate the remainder when 2139 is divided by 63.
60
Calculate the remainder when 2270 is divided by 16.
14
Calculate the remainder when 160 is divided by 23.
22
Calculate the remainder when 552 is divided by 41.
19
Calculate the remainder when 50504 is divided by 185.
184
Calculate the remainder when 2734 is divided by 48.
46
Calculate the remainder when 423 is divided by 3.
0
Calculate the remainder when 342 is divided by 49.
48
What is the remainder when 6380 is divided by 3188?
4
Calculate the remainder when 161 is divided by 55.
51
Calculate the remainder when 1249 is divided by 139.
137
What is the remainder when 145 is divided by 30?
25
What is the remainder when 211 is divided by 17?
7
Calculate the remainder when 808 is divided by 267.
7
Calculate the remainder when 234 is divided by 95.
44
Calculate the remainder when 173 is divided by 61.
51
Calculate the remainder when 2079 is divided by 80.
79
What is the remainder when 52 is divided by 51?
1
Calculate the remainder when 681 is divided by 44.
21
What is the remainder when 3840 is divided by 640?
0
What is the remainder when 254 is divided by 37?
32
Calculate the remainder when 312 is divided by 166.
146
What is the remainder when 24838 is divided by 184?
182
What is the remainder when 619 is divided by 27?
25
What is the remainder when 78 is divided by 23?
9
What is the remainder when 15 is divided by 7?
1
What is the remainder when 187 is divided by 25?
12
Calculate the remainder when 1504 is divided by 151.
145
Calculate the remainder when 594 is divided by 32.
18
What is the remainder when 207 is divided by 18?
9
Calculate the remainder when 41265 is divided by 38.
35
Calculate the remainder when 497 is divided by 36.
29
What is the remainder when 244 is divided by 35?
34
What is the remainder when 6072 is divided by 135?
132
What is the remainder when 455 is divided by 14?
7
What is the remainder when 98 is divided by 11?
10
What is the remainder when 187 is divided by 70?
47
What is the remainder when 1516 is divided by 23?
21
Calculate the remainder when 99 is divided by 45.
9
Calculate the remainder when 664 is divided by 95.
94
Calculate the remainder when 935 is divided by 12.
11
What is the remainder when 347 is divided by 171?
5
What is the remainder when 5085 is divided by 8?
5
What is the remainder when 149 is divided by 2?
1
Calculate the remainder when 39 is divided by 27.
12
What is the remainder when 287 is divided by 6?
5
What is the remainder when 26968 is divided by 30?
28
Calculate the remainder when 1979